{"id":9,"date":"2014-12-15T19:19:01","date_gmt":"2014-12-15T19:19:01","guid":{"rendered":"http:\/\/vettensjournal.de\/klassischer-journalismus\/?page_id=9"},"modified":"2026-03-14T15:23:40","modified_gmt":"2026-03-14T15:23:40","slug":"der-buchmacher","status":"publish","type":"page","link":"https:\/\/vettensjournal.de\/klassischer-journalismus\/der-buchmacher\/","title":{"rendered":"DER AUTOR"},"content":{"rendered":"\r\n<p>&nbsp;<\/p>\r\n\r\n<p><img loading=\"lazy\" decoding=\"async\" class=\"aligncenter size-large wp-image-5096\" src=\"https:\/\/vettensjournal.de\/klassischer-journalismus\/wp-content\/uploads\/2023\/02\/DSC_515266-1024x608.jpeg\" alt=\"\" width=\"1024\" height=\"608\" srcset=\"https:\/\/vettensjournal.de\/klassischer-journalismus\/wp-content\/uploads\/2023\/02\/DSC_515266-1024x608.jpeg 1024w, https:\/\/vettensjournal.de\/klassischer-journalismus\/wp-content\/uploads\/2023\/02\/DSC_515266-300x178.jpeg 300w, https:\/\/vettensjournal.de\/klassischer-journalismus\/wp-content\/uploads\/2023\/02\/DSC_515266-768x456.jpeg 768w, https:\/\/vettensjournal.de\/klassischer-journalismus\/wp-content\/uploads\/2023\/02\/DSC_515266-600x356.jpeg 600w, https:\/\/vettensjournal.de\/klassischer-journalismus\/wp-content\/uploads\/2023\/02\/DSC_515266-1536x912.jpeg 1536w, https:\/\/vettensjournal.de\/klassischer-journalismus\/wp-content\/uploads\/2023\/02\/DSC_515266.jpeg 1936w\" sizes=\"auto, (max-width: 1024px) 100vw, 1024px\" \/><\/p>\r\n<h2>Begonnen hat alles mit Kinderb\u00fcchern.<\/h2>\r\n<p>\u201eOberbayern mit Kindern\u201c war das erste Buch. Da versuchte Detlef Vetten, den Kids einen v\u00f6llig durchgeknallten \u201eM\u00e4rchenk\u00f6nig\u201c nahe zu bringen. Dann folgten zwei Jahrzehnte als Journalist. B\u00fccher waren &#8220;Kollateralsch\u00e4den&#8221;:<\/p>\r\n<p>\u201eDie Legende Unimog\u201c. \u201eAdidas \u2013 Making a Difference\u201c. \u201eNur wer aufgibt, hat verloren \u2013 die Biographie des Henry Maske\u201c. \u201eDem K\u00f6rper eine Chance \u2013 sieben Tage, die das Leben ver\u00e4ndern\u201c. \u201e50 Tage lebensl\u00e4nglich\u201c (monatelang Top Ten der Bestsellerlisten).<\/p>\r\n<p>2015 war Schluss mit Journalismus. Vetten wechselte zur Schriftstellerei.\u00a0<\/p>\r\n<p>Mit dem Verlag Die Werkstatt startete er (Konzept, Allein-Autorenschaft, Produktion) eine Buchreihe zu aktuellen sportlichen Gro\u00dfereignissen. Bisher erschienen und immer auf der Bestsellerliste gelandet:<\/p>\r\n<p>&#8220;Die EM 2016&#8221;. \u201eDer Triumph von Rio \u2013 WM 2014\u201c. \u201eDie Winterspiele 2014\u201c. \u201eDas Triple 2013 \u2013 der Triumph des FC Bayern M\u00fcnchen\u201c. \u201eStars und Spiele \u2013 Olympia 2012\u201c. \u201eDas Turnier \u2013 Euro 2012\u201c.\u00a0 2016 schrieb Vetten des Weiteren die Biographie des neuen Bayern-Trainers Carlo Ancelotti, ein Buch \u00fcber die Olympischen Spiele und eines \u00fcber die Paralympics von Rio.<\/p>\r\n<p>Im Oktober 2016 erschien die Biographie des erfolgreichsten Behindertensportlers aller Zeiten. &#8220;Sieger&#8221; (Die Werkstatt) ist ein Projekt, an dem Vetten seit 15 Jahren gearbeitet hatte.<\/p>\r\n<p>An Tag 100 schrieb Vetten 2017 im Netz den letzten von hundert Texten \u00fcber Donald Trump. Als Buch erschien &#8220;Der Neue&#8221; in der ersten Maiwoche.<\/p>\r\n<p>2018 ver\u00f6ffentlichte Vetten bei der Werkstatt die Sportb\u00fccher, die ihm bislang den gr\u00f6\u00dften Spa\u00df gemacht haben. &#8220;Olympia 2018&#8221; ist eine Sammlung von Erz\u00e4hlungen \u00fcber eine der sch\u00f6nsten Besch\u00e4ftigungen der Welt. Es folgte im Juni &#8220;Jupp Heynckes und die Bayern &#8211; vom Siegen und Verlieren&#8221;. Das Buch \u00fcber die Fu\u00dfball-EM erschien bei der &#8220;Werkstatt&#8221; zwei Wochen nach dem Turnier, es beschreibt Joachim L\u00f6ws Debakel als Bundestrainer.<\/p>\r\n<p>Im September 2018 kam &#8220;\u00dcbern Berg&#8221; in der Urauff\u00fchrung in Singen auf die B\u00fchne. Musik: Fabian Dobler. Text: Detlef Vetten. Das St\u00fcck ist als beste &#8220;Produktion freier Theater des Jahres 2018&#8221; in Hamburg ausgezeichnet worden. Ein weiteres Musiktheater-Projekt ist in Arbeit. Ende 2018 bei &#8220;artStudio&#8221; in Zusammenarbeit mit dem bildenden K\u00fcnstler MIKOBI erschienen: &#8220;berlin, achtziger&#8221;, eine Novelle.<\/p>\r\n<p>Im Sommer 2018 erschien der Bildband &#8220;Lebensfreude&#8221; in der OSB-Bibliothek. Nachfolger &#8220;Herausforderungen&#8221; kam im Mai 2019 auf den Markt, 2020 war &#8220;Teamwork&#8221; das Motto.<\/p>\r\n<p>Ende Dezember 2017 wurde der Internet-Roman &#8220;2017&#8221; fertig. Der Text wurde 2018 zu einem Buch mit dem Titel &#8220;H\u00e4utungen&#8221; umgearbeitet. Der n\u00e4chste Band der Reihe entstand 2018\/2019. Titel: &#8220;Krohn&#8221;. 400 Seiten.<\/p>\r\n<p>Abgeschlossen ist &#8220;22 WOCHEN&#8221; (Ausz\u00fcge in &#8220;Vettensjournal&#8221;).\u00a0<\/p>\r\n<p>Es folgten &#8220;HERBST &#8217;19&#8221; und &#8220;Rumkrebsen&#8221; (erschienen 2020).<\/p>\r\n<p>Im Fr\u00fchjahr 2020 arbeitete Vetten als Erntehelfer und schrieb daraufhin das Theaterst\u00fcck &#8220;Bauernopfer&#8221;, gleichzeitig &#8220;Tanz der Viren &#8211; ein Tagebuch&#8221;. &#8220;Bauernopfer&#8221; wurde im Sommer 2021 auf der Freilichtb\u00fchne in Singen uraufgef\u00fchrt. Die Fortsetzung von &#8220;Tanz der Viren&#8221; entstand seit Beginn 2021 in diesem &#8220;Journal&#8221;. Fertig geworden ist das Buch im Herbst 2021, Vetten hat es im Eigenverlag auf den Markt gebracht.<\/p>\r\n<p>Die Olympischen Spiele 2021 in Tokio erz\u00e4hlte Vetten in einem Buch aus der &#8220;Werkstatt&#8221;. Im selben Verlag erschien 2022 der Band \u00fcber die Winterspiele in Peking. Letzter Eintrag: <em>D\u00fcstere Prognose von Nato-Chef Stoltenberg: &#8220;Alles spricht f\u00fcr Russlands vollst\u00e4ndigen Angriff auf die Ukraine.&#8221; &#8212; Bangen um den Frieden.\u00a0<\/em>Vier Tage sp\u00e4ter war Krieg.<\/p>\r\n<p>W\u00e4hrend Corona und im Jahr danach entstanden 350 Seiten \u00fcber ein Dream Team des deutschen Wirtschaftswunders:\u00a0 &#8220;DER MANN, DER NICHT SINGEN\u00a0 KONNTE, UND DIE FRAU, DIE NICHT KLIMPERN DURFTE &#8211; die Biographie von K\u00e4the und Adi Dassler&#8221;.<\/p>\r\n<p>2024 kamen im Sommer und im Herbst zwei B\u00fccher auf den Markt: &#8220;Olympia 2024 in Paris&#8221; und &#8220;\u00dcberlebt &#8211; der 100-j\u00e4hrige Rolf Schimpf rechnet ab&#8221;.<\/p>\r\n<p>Gerade in den Handel gekommen: &#8220;Die Spiele 2026&#8221;, erschienen bei &#8220;Die Werkstatt&#8221;.<\/p>\r\n<p>Momentan recherchiert und reist Detlef Vetten viel auf den Spuren von K\u00fcnstlern des beginnenden 20.en Jahrhunderts. Gerade abgeschlossen: das Biopic &#8220;Die H\u00f6hle &#8211; Alberto Giacometti in Paris&#8221;. In Arbeit: &#8220;Der Ritt &#8211; das M\u00fcnchner<em> Rat Pack<\/em> im Ersten Weltkrieg&#8221;. Au\u00dferdem: &#8220;Eines Tages bringe ich sie um&#8221;. &#8220;Logbuch vom Alt-Werden&#8221;. &#8220;scheisszeitenwende &#8211; ein Roman&#8221;. &#8220;Ende Legende &#8211; was jetzt, DFB?&#8221;<\/p>\r\n<p>Nach &#8220;\u00dcbern Berg&#8221; und &#8220;Bauernopfer&#8221; schlie\u00dft Vetten im Sommer 2026 mit &#8220;Abgesoffen &#8211; kleine Erinnerung an Corona&#8221; sein n\u00e4chstes Theaterst\u00fcck ab.<\/p>\r\n<p>&nbsp;<\/p>\r\n<p>&nbsp;<\/p>","protected":false},"excerpt":{"rendered":"<p>&nbsp; Begonnen hat alles mit Kinderb\u00fcchern. \u201eOberbayern mit Kindern\u201c war das erste Buch. Da versuchte Detlef Vetten, den Kids einen v\u00f6llig durchgeknallten \u201eM\u00e4rchenk\u00f6nig\u201c nahe zu bringen. Dann folgten zwei Jahrzehnte als Journalist. B\u00fccher waren &#8220;Kollateralsch\u00e4den&#8221;: \u201eDie Legende Unimog\u201c. \u201eAdidas \u2013 Making a Difference\u201c. \u201eNur wer aufgibt, hat verloren \u2013 die Biographie des Henry Maske\u201c. \u201eDem [&hellip;]<\/p>\n","protected":false},"author":1,"featured_media":0,"parent":0,"menu_order":0,"comment_status":"closed","ping_status":"closed","template":"","meta":{"footnotes":""},"class_list":["post-9","page","type-page","status-publish","hentry","has-post-title","has-post-date","has-post-category","has-post-tag","has-post-comment","has-post-author",""],"_links":{"self":[{"href":"https:\/\/vettensjournal.de\/klassischer-journalismus\/wp-json\/wp\/v2\/pages\/9","targetHints":{"allow":["GET"]}}],"collection":[{"href":"https:\/\/vettensjournal.de\/klassischer-journalismus\/wp-json\/wp\/v2\/pages"}],"about":[{"href":"https:\/\/vettensjournal.de\/klassischer-journalismus\/wp-json\/wp\/v2\/types\/page"}],"author":[{"embeddable":true,"href":"https:\/\/vettensjournal.de\/klassischer-journalismus\/wp-json\/wp\/v2\/users\/1"}],"replies":[{"embeddable":true,"href":"https:\/\/vettensjournal.de\/klassischer-journalismus\/wp-json\/wp\/v2\/comments?post=9"}],"version-history":[{"count":2,"href":"https:\/\/vettensjournal.de\/klassischer-journalismus\/wp-json\/wp\/v2\/pages\/9\/revisions"}],"predecessor-version":[{"id":5562,"href":"https:\/\/vettensjournal.de\/klassischer-journalismus\/wp-json\/wp\/v2\/pages\/9\/revisions\/5562"}],"wp:attachment":[{"href":"https:\/\/vettensjournal.de\/klassischer-journalismus\/wp-json\/wp\/v2\/media?parent=9"}],"curies":[{"name":"wp","href":"https:\/\/api.w.org\/{rel}","templated":true}]}}